lculate the remainder when 558494 is divided by 1349.
8
What is the remainder when 11661 is divided by 107?
105
Calculate the remainder when 5711 is divided by 2854.
3
What is the remainder when 259271 is divided by 52?
51
What is the remainder when 104645 is divided by 362?
27
What is the remainder when 645777 is divided by 64?
17
What is the remainder when 6103 is divided by 6?
1
Calculate the remainder when 6049 is divided by 378.
1
What is the remainder when 2117 is divided by 1847?
270
Calculate the remainder when 47039 is divided by 84.
83
What is the remainder when 24207 is divided by 12095?
17
What is the remainder when 114859 is divided by 1855?
1704
What is the remainder when 98087 is divided by 81?
77
Calculate the remainder when 5878 is divided by 1907.
157
Calculate the remainder when 448 is divided by 129.
61
What is the remainder when 612 is divided by 4?
0
Calculate the remainder when 94933 is divided by 164.
141
What is the remainder when 2417 is divided by 120?
17
Calculate the remainder when 45745 is divided by 45745.
0
Calculate the remainder when 15939 is divided by 499.
470
What is the remainder when 1479 is divided by 389?
312
What is the remainder when 33943 is divided by 45?
13
What is the remainder when 44957 is divided by 762?
761
What is the remainder when 36838 is divided by 9190?
78
Calculate the remainder when 14343 is divided by 4633.
444
Calculate the remainder when 113525 is divided by 18.
17
Calculate the remainder when 2936 is divided by 278.
156
What is the remainder when 9076 is divided by 89?
87
What is the remainder when 1441 is divided by 238?
13
What is the remainder when 29646 is divided by 93?
72
Calculate the remainder when 5613 is divided by 5062.
551
What is the remainder when 2293367 is divided by 158?
155
What is the remainder when 71549 is divided by 14305?
24
What is the remainder when 2705 is divided by 196?
157
What is the remainder when 7264 is divided by 1347?
529
Calculate the remainder when 2744 is divided by 1372.
0
What is the remainder when 4260 is divided by 955?
440
Calculate the remainder when 121381 is divided by 2380.
1
What is the remainder when 9278 is divided by 1077?
662
Calculate the remainder when 289334 is divided by 325.
84
Calculate the remainder when 10317 is divided by 602.
83
Calculate the remainder when 293665 is divided by 77.
64
Calculate the remainder when 997 is divided by 201.
193
What is the remainder when 20256 is divided by 533?
2
What is the remainder when 182567 is divided by 23?
16
Calculate the remainder when 1822 is divided by 363.
7
Calculate the remainder when 3695 is divided by 881.
171
What is the remainder when 321978 is divided by 17?
15
What is the remainder when 43653 is divided by 87?
66
Calculate the remainder when 4717 is divided by 40.
37
Calculate the remainder when 7929 is divided by 891.
801
What is the remainder when 212644 is divided by 212643?
1
Calculate the remainder when 350370 is divided by 175180.
10
Calculate the remainder when 6866779 is divided by 10.
9
Calculate the remainder when 11685 is divided by 1947.
3
Calculate the remainder when 96441 is divided by 31.
0
What is the remainder when 62578 is divided by 907?
902
Calculate the remainder when 44029 is divided by 36.
1
Calculate the remainder when 64259 is divided by 5354.
11
What is the remainder when 5220 is divided by 547?
297
What is the remainder when 210380 is divided by 19?
12
What is the remainder when 490 is divided by 481?
9
Calculate the remainder when 927932 is divided by 14.
12
Calculate the remainder when 332011 is divided by 210.
1
What is the remainder when 3656 is divided by 902?
48
What is the remainder when 28559 is divided by 111?
32
What is the remainder when 20195 is divided by 839?
59
Calculate the remainder when 744694 is divided by 36.
34
Calculate the remainder when 42414 is divided by 19.
6
Calculate the remainder when 330777 is divided by 41.
30
Calculate the remainder when 1632644 is divided by 1416.
1412
What is the remainder when 31074 is divided by 55?
54
Calculate the remainder when 15743 is divided by 27.
2
What is the remainder when 4243 is divided by 66?
19
What is the remainder when 3904 is divided by 1482?
940
What is the remainder when 1485308 is divided by 512?
508
Calculate the remainder when 1389 is divided by 1340.
49
Calculate the remainder when 339166 is divided by 113047.
25
Calculate the remainder when 1519084 is divided by 1052.
1048
What is the remainder when 22823 is divided by 48?
23
Calculate the remainder when 8306 is divided by 395.
11
What is the remainder when 56757 is divided by 269?
267
What is the remainder when 4083 is divided by 147?
114
Calculate the remainder when 1375 is divided by 38.
7
What is the remainder when 23279 is divided by 3347?
3197
Calculate the remainder when 4976 is divided by 30.
26
Calculate the remainder when 2177 is divided by 223.
170
Calculate the remainder when 121597 is divided by 59.
57
Calculate the remainder when 2397174 is divided by 158.
156
What is the remainder when 6606 is divided by 29?
23
What is the remainder when 575572 is divided by 325?
322
What is the remainder when 58436 is divided by 64?
4
What is the remainder when 3540 is divided by 23?
21
Calculate the remainder when 3748 is divided by 100.
48
Calculate the remainder when 1949103 is divided by 41.
4
Calculate the remainder when 8310 is divided by 49.
29
What is the remainder when 99914 is divided by 69?
2
Calculate the remainder when 35139 is divided by 43.
8
What is the remainder when 2536 is divided by 84?
16
What is the remainder when 40101 is divided by 175?
26
Calculate the remainder when 10930 is divided by 60.
10
Calculate the remainder when 1995 is divided by 4.
3
Calculate the remainder when 8799 is divided by 4398.
3
Calculate the remainder when 619246 is divided by 532.
530
Calculate the remainder when 5088 is divided by 407.
204
Calculate the remainder when 12100 is divided by 4677.
2746
Calculate the remainder when 47924 is divided by 11.
8
Calculate the remainder when 1001952 is divided by 246.
240
What is the remainder when 431 is divided by 196?
39
Calculate the remainder when 74603 is divided by 2984.
3
Calculate the remainder when 2804 is divided by 564.
548
What is the remainder when 792 is divided by 134?
122
Calculate the remainder when 19867 is divided by 32.
27
What is the remainder when 3528966 is divided by 183?
177
Calculate the remainder when 235288 is divided by 690.
688
What is the remainder when 1091 is divided by 369?
353
What is the remainder when 5037524 is divided by 1293?
1289
Calculate the remainder when 3960556 is divided by 1980276.
4
Calculate the remainder when 8201 is divided by 15.
11
Calculate the remainder when 132305 is divided by 26.
17
What is the remainder when 15063 is divided by 23?
21
Calculate the remainder when 5126 is divided by 10.
6
Calculate the remainder when 1712471 is divided by 24.
23
Calculate the remainder when 3764 is divided by 1055.
599
What is the remainder when 52036 is divided by 809?
260
What is the remainder when 1488 is divided by 774?
714
Calculate the remainder when 8940 is divided by 1395.
570
Calculate the remainder when 2739 is divided by 2591.
148
What is the remainder when 232757 is divided by 1012?
1009
What is the remainder when 4479507 is divided by 1321?
1317
Calculate the remainder when 603 is divided by 475.
128
Calculate the remainder when 16238 is divided by 91.
40
What is the remainder when 348753 is divided by 206?
201
Calculate the remainder when 35172 is divided by 492.
240
What is the remainder when 3966 is divided by 249?
231
What is the remainder when 22824 is divided by 101?
99
What is the remainder when 2883 is divided by 168?
27
What is the remainder when 5839 is divided by 583?
9
Calculate the remainder when 344 is divided by 205.
139
Calculate the remainder when 191760 is divided by 429.
426
What is the remainder when 22551 is divided by 22550?
1
What is the remainder when 934 is divided by 669?
265
Calculate the remainder when 920 is divided by 579.
341
Calculate the remainder when 147866 is divided by 73930.
6
What is the remainder when 4370 is divided by 2175?
20
What is the remainder when 1032907 is divided by 1475